 251. Calculate g(-13).
30
Let p(i) = -23*i**2 + 75*i + 53. Determine p(4).
-15
Let t(i) = -12*i**2 + 79*i + 471. Calculate t(-6).
-435
Let r(k) = 141*k**2 + 1425*k + 151. Determine r(-10).
1
Let k(a) = 187*a + 1239. Calculate k(-8).
-257
Let z(p) = 2*p**3 - 4*p**2 - 13*p - 25. Calculate z(6).
185
Let g(u) = 3*u**2 - 65*u + 133. Give g(2).
15
Let d(v) = 6*v**3 + 235*v**2 + 61*v + 860. Calculate d(-39).
2
Let i(c) = 4*c**3 - 36*c**2 - 5*c + 47. Calculate i(8).
-249
Let j(f) = -3*f**3 - 6*f**2 - 4*f - 1. Determine j(2).
-57
Let p(u) = -597*u - 4788. Calculate p(-8).
-12
Let l(z) = -z**3 + 15*z**2 - 16*z + 45. Determine l(14).
17
Let o(z) = 33*z**3 + 4*z - 3. Give o(1).
34
Let j(l) = 5*l**3 + 3*l**2 - 9*l - 21. Calculate j(-3).
-102
Let b(u) = -u**2 - 46*u + 5089. Determine b(52).
-7
Let q(r) = r**3 + 12*r**2 - 50*r + 16. Give q(-16).
-208
Let o(p) = -5*p**2 + 433*p + 161. What is o(87)?
-13
Let p(w) = 2*w**2 - 101*w + 1104. Give p(15).
39
Let y(v) = v**3 + 8*v**2 - 8. Calculate y(-6).
64
Let r(n) = -n + 643. What is r(-51)?
694
Let z(a) = -80*a - 857. Give z(-11).
23
Let p(q) = -2*q**3 - 5*q**2 - 75*q - 212. Determine p(-3).
22
Let u(i) = -i**3 + 2*i**2 - i. Determine u(1).
0
Let l(n) = 6*n**2 - 119*n + 927. Give l(8).
359
Let g(m) = -147*m + 2495. Determine g(17).
-4
Let d(l) = 1438*l + 12936. Determine d(-9).
-6
Let u(y) = 17*y**2 + 955*y + 45. Give u(-56).
-123
Let s(u) = -u**3 - 107*u**2 - 325*u - 37. Determine s(-3).
2
Let f(y) = -y**2 - 8825*y + 97192. What is f(11)?
-4
Let a(w) = -3*w**3 + 6*w**2 + 33*w - 78. Calculate a(3).
-6
Let t(f) = f**3 + 11*f**2 + 104*f + 426. Determine t(-6).
-18
Let x(k) = 15*k - 29. Determine x(16).
211
Let p(d) = -d**2 - 145*d + 2759. Give p(17).
5
Let k(r) = -47*r**2 + r + 97. Determine k(-4).
-659
Let v(r) = -41*r**2 + 31*r - 111. What is v(4)?
-643
Let h(u) = -u**3 - 6*u**2 + 24*u + 151. Give h(-6).
7
Let a(n) = -n**2 + 4*n - 19. Give a(-6).
-79
Let z(d) = 2*d**2 + d + 13. Give z(-5).
58
Let o(q) = 31*q - 989. Calculate o(32).
3
Let l(a) = 136*a - 4705. Calculate l(35).
55
Let p(h) = h**3 - 47*h**2 - 150*h + 26. What is p(50)?
26
Let k(u) = u**3 + 11*u**2 - 14*u - 184. What is k(-11)?
-30
Let r(f) = -85*f + 16233. Give r(191).
-2
Let a(p) = 95*p**3 + 61*p - 61. Determine a(1).
95
Let g(d) = d**3 + 104*d**2 + 1260*d - 6. Give g(-14).
-6
Let p(a) = 411*a - 6563. What is p(16)?
13
Let i(t) = t**2 - 17*t + 20. Give i(18).
38
Let z(t) = -9*t + 260. Calculate z(15).
125
Let p(q) = -2*q**3 - 29*q**2 + 56*q + 33. Calculate p(-16).
-95
Let q(j) = j**2 - 39*j - 123. Calculate q(42).
3
Let p(u) = 238*u**3 + 2*u**2 - 5*u + 3. Calculate p(1).
238
Let c(p) = -p**3 + 22*p**2 - 40*p + 51. Calculate c(20).
51
Let f(l) = -10*l + 1058. What is f(106)?
-2
Let z(c) = 17927*c + 107541. What is z(-6)?
-21
Let k(z) = -59*z + 1901. Give k(33).
-46
Let n(m) = -116*m + 722. Determine n(6).
26
Let z(j) = -205*j + 354. What is z(2)?
-56
Let a(g) = -3*g**2 - 49*g - 166. Determine a(-6).
20
Let h(z) = -2*z**2 + 27*z + 509. Calculate h(24).
5
Let v(g) = -2*g - 7. Determine v(-7).
7
Let x(v) = -v**3 + 32*v**2 + 68*v + 28. Determine x(34).
28
Let k(q) = 9*q**2 - 25*q - 153. Calculate k(-5).
197
Let g(p) = -11*p + 275. Give g(28).
-33
Let o(f) = -902*f + 9006. What is o(10)?
-14
Let o(c) = c**2 - 57*c - 64. Determine o(57).
-64
Let w(a) = -42*a**2 + 1890*a - 6. Give w(45).
-6
Let f(x) = -3629*x - 76196. Determine f(-21).
13
Let f(m) = -400*m**3 + 9*m**2 + 2*m. Determine f(-1).
407
Let n(k) = -177*k + 1121. Give n(6).
59
Let a(p) = 79*p + 4813. Calculate a(-61).
-6
Let h(a) = -a**3 + 6*a**2 - 13*a + 38. What is h(4)?
18
Let s(v) = v**2 + 10*v - 985. Give s(27).
14
Let y(o) = 255*o - 2551. Give y(10).
-1
Let n(m) = -m**3 - 10*m**2 - 19*m + 23. Calculate n(-8).
47
Let x(j) = -j**3 + 38*j**2 - 37*j - 39. What is x(37)?
-39
Let a(w) = -w**3 + 7*w**2 + w + 279. What is a(10)?
-11
Let j(t) = 128*t - 898. Calculate j(7).
-2
Let x(r) = -r**3 + 19*r**2 - 51*r + 41. Determine x(16).
-7
Let l(o) = o**3 - 22*o**2 - 278*o - 62. Calculate l(31).
-31
Let j(d) = -2*d**3 + 37*d**2 + 23*d - 45. Calculate j(19).
31
Let v(t) = -2*t**3 + 326*t**2 - 4440*t + 3. Give v(15).
3
Let p(o) = 2*o**3 - 27*o**2 + 7*o + 52. Determine p(13).
-26
Let a(q) = -981*q + 14714. Calculate a(15).
-1
Let q(h) = 7*h**2 + 2*h - 20. Determine q(4).
100
Let d(z) = -140*z + 288. Give d(2).
8
Let h(x) = -14*x + 66. Give h(-29).
472
Let d(c) = -734*c - 14684. Determine d(-20).
-4
Let w(k) = 1196*k + 5914. Determine w(-5).
-66
Let u(i) = 46*i - 36. Determine u(1).
10
Let w(p) = -87*p + 610. Calculate w(7).
1
Let d(k) = -k**3 - 27*k**2 + 29*k + 115. What is d(-28)?
87
Let s(v) = -186*v - 2. What is s(-1)?
184
Let n(y) = 2*y**3 + 58*y**2 + y + 41. Calculate n(-29).
12
Let v(s) = -251*s**3 + 3*s**2 - 5*s + 3. Give v(1).
-250
Let a(y) = 23*y**2 - 15*y + 27. What is a(3)?
189
Let l(w) = -w**3 - 47*w**2 + 3*w + 45. Determine l(-47).
-96
Let n(s) = 4261*s + 4298. Calculate n(-1).
37
Let d(i) = -i**3 - 12*i**2 - 25*i - 7. What is d(-6)?
-73
Let v(n) = -4*n**3 - 36*n**2 + 78*n + 334. Calculate v(-10).
-46
Let m(u) = 2*u**2 + 52*u + 218. What is m(-19)?
-48
Let j(p) = -p**3 + 37*p**2 - 127*p - 172. Determine j(33).
-7
Let a(w) = 7*w**2 - 14*w - 55. Give a(6).
113
Let b(j) = 5*j**3 + 7*j**2 - 3*j + 6. Determine b(2).
68
Let v(i) = 135*i + 829. Determine v(-6).
19
Let h(x) = -x**3 + 5*x**2 + x + 72. Determine h(0).
72
Let y(b) = -19*b - 19. Give y(-2).
19
Let q(b) = -b**3 - 24*b**2 + 54*b + 2. Calculate q(-26).
-50
Let i(k) = 37*k + 33. Determine i(11).
440
Let s(u) = -1582*u + 12658. What is s(8)?
2
Let t(l) = -l**3 + 14*l**2 + 207*l - 4. Give t(23).
-4
Let z(h) = 2*h**3 - 35*h**2 + 99*h - 30. Determine z(14).
-16
Let c(t) = t**3 + t + 112. Calculate c(0).
112
Let k(u) = -5749*u - 34498. Calculate k(-6).
-4
Let z(y) = 32*y + 421. Calculate z(-20).
-219
Let t(m) = -m**3 - 10*m**2 - 118*m - 767. What is t(-8)?
49
Let z(n) = 11*n - 181. Give z(12).
-49
Let l(b) = -7*b**2 - 120*b - 38. Determine l(-17).
-21
Let f(g) = -2*g**2 + 178*g + 1762. Calculate f(-9).
-2
Let g(z) = -z**3 + 15*z**2 - 29*z + 7. Give g(2).
1
Let x(k) = 7*k**3 + 29*k**2 + 3*k - 10. Give x(-4).
-6
Let t(i) = -20*i + 483. What is t(36)?
-237
Let a(v) = 276*v - 9907. Calculate a(36).
29
Let o(b) = 5*b**2 + 77*b - 74. Give o(-17).
62
Let b(k) = -k**3 - 3*k**2 + 19*k - 13. What is b(-6)?
-19
Let m(r) = r**3 - 46*r - 153. Calculate m(-3).
-42
Let b(n) = 137*n + 19736. Determine b(-144).
8
Let x(n) = -97*n**3 - 2907*n**2 + 88*n - 68. Give x(-30).
-8
Let f(d) = 2*d**3 - 6*d**2 - 19*d - 14. Give f(-4).
-162
Let b(h) = h**3 + 16*h**2 + 55*h - 45. Determine b(-8).
27
Let t(z) = -17*z**3 + 52*z**2 + 27*z - 84. Determine t(3).
6
Let d(c) = 2495*c + 19946. Give d(-8).
-14
Let a(h) = 409*h + 47021. What is a(-115)?
-14
Let o(t) = 4*t**2 - 194*t - 144. Calculate o(52).
584
Let y(t) = -22*t + 879. Give y(41).
-23
Let r(u) = -51*u + 1377. Calculate r(27).
0
Let u(i) = -12*i**2 - 57*i - 75. What is u(-2)?
-9
Let l(k) = k**3 - 162*k**2 + 221*k - 9700. Calculate l(161).
-40
Let u(k) = -646*k + 51029. Give u(79).
-5
Let s(b) = -86*b - 3716. Calculate s(-43).
-18
Let o(r) = 12*r + 76. Determine o(14).
244
Let n(z) = z**3 - 16*z**2 - 63*z + 129. Give n(19).
15
Let r(d) = d**3 + 67*d**2 - 80*d - 826. What is r(-68)?
-10
Let q(p) = -2*p**3 - 22*p**2 - 46*p + 41. Give q(-7).
-29
Let x(o) = 3*o**2 + 18*o - 110. Determine x(6).
106
Let w(s) = s**3 - 17*s**2 - 58*s - 18. Give w(19).
-398
Let p(u) = u**3 + 3*u**2 - 13*u + 24. What is p(-6)?
-6
Let s(v) = 3*v**2 - 69*v + 151. Calculate s(26).
385
Let h(r) = -140*r - 239. Give h(-2).
41
Let m(u) = u**3 + 39*u**2 + 37*u + 41. Give m(-38).
79
Let t(w) = 2*w**2 + 31*w - 23. Determine t(-15).
-38
Let s(m) = 2*m**2 + 582*m - 17. What is s(0)?
-17
Let n(b) = 9*b + 61. Calculate n(-19).
-110
Let i(c) = c**3 - 10*c**2 + 33*c - 43. Determine i(4).
-7
Let u(c) = 3646*c + 7292. Give u(-2).
0
Let g(n) = 2*n**3 - 369*n**2 + 551*n - 401. Determine g(183).
-35
Let b(l) = -3*l**2 + 322*l - 181. Determine b(106).
243
Let o(y) = y**2 + 150*y + 1919. Determine o(-14).
15
Let s(v) = -v**3 - 97*v**2 - 189*v + 129. Determine s(-95).
34
Let z(j) = 351*j - 2141. Calculate z(6).
-35
Let k(y) = -202*y**3 - 13*y**2 + 14*y + 1. Calculate k(1